{"id":24,"date":"2021-10-06T19:25:18","date_gmt":"2021-10-06T17:25:18","guid":{"rendered":"https:\/\/locations-vacances-reunion.com\/?page_id=24"},"modified":"2025-02-19T08:02:00","modified_gmt":"2025-02-19T07:02:00","slug":"faire-connaissance","status":"publish","type":"page","link":"https:\/\/locations-vacances-reunion.com\/index.php\/faire-connaissance\/","title":{"rendered":"Faire connaissance"},"content":{"rendered":"\n<h5><\/h5>\n\n\n\n<h2 class=\"has-black-color has-text-color has-regular-font-size\">En savoir un peu plus sur Christine et Christian&#8230; vos h\u00f4tes !<br><br><br>Christian est Auteur Photographe, passionn\u00e9 par la photo argentique en noir et blanc depuis toujours, qu&rsquo;il pratique dans son labo.<br>Si le coeur vous en dit, il vous fera d\u00e9couvrir sa Galerie, un petit avant gout :\u00a0\u00a0<strong><a href=\"https:\/\/galerie-argentique.com\/\" target=\"_blank\" rel=\"noreferrer noopener\">ICI<\/a><\/strong><br><br>Quand il n&rsquo;est pas dans son labo photo, il aime parcourir les sentiers de l&rsquo;\u00eele, et tout particuli\u00e8rement ceux de Mafate. <br><br>Christine, quant \u00e0 elle, aime la cr\u00e9ation, la d\u00e9co int\u00e9rieur et essentiellement le \u00ab\u00a0fait maison\u00a0\u00bb.<br>Ce fait maison s&rsquo;applique aussi bien aux \u00e9l\u00e9ments de d\u00e9coration que vous retrouverez dans la chambre, qu&rsquo;\u00e0 des petits plats et aux confitures du petit-d\u00e9jeuner&#8230;<br><br>A la Kaz Crisca le mot d&rsquo;ordre est simplicit\u00e9 et convivialit\u00e9.<br><br>Christine et Christian sont \u00e0 votre disposition pour vous donner les bons conseils et les bons plans pour d\u00e9couvrir la R\u00e9union.<\/h2>\n\n\n\n<p><a href=\"https:\/\/kazcrisca.blogspot.com\/\" target=\"_blank\" rel=\"noreferrer noopener\">Le Blog<\/a><\/p>\n\n\n\n<p class=\"has-regular-font-size\"><a href=\"https:\/\/kaz-crisca.wixsite.com\/kazcrisca\/faire-connaissance\"><\/a><\/p>\n","protected":false},"excerpt":{"rendered":"<p>En savoir un peu plus sur Christine et Christian&#8230; vos h\u00f4tes ! Christian est Auteur&#8230;<\/p>\n<div class=\"more-link-wrapper\"><a class=\"more-link\" href=\"https:\/\/locations-vacances-reunion.com\/index.php\/faire-connaissance\/\">Read the post<span class=\"screen-reader-text\">Faire connaissance<\/span><\/a><\/div>\n","protected":false},"author":1,"featured_media":0,"parent":0,"menu_order":0,"comment_status":"closed","ping_status":"closed","template":"","meta":[],"yoast_head":"<!-- This site is optimized with the Yoast SEO plugin v20.6 - https:\/\/yoast.com\/wordpress\/plugins\/seo\/ -->\n<title>Faire connaissance - Kaz Crisca - Chambre d&#039;h\u00f4tes -<\/title>\n<meta name=\"description\" content=\"Faire connaissance avec Christine et Christian La Kaz Crisca est une Chambre d&#039;h\u00f4tes \u00e0 Saint Leu, Ile de la R\u00e9nion\" \/>\n<meta name=\"robots\" content=\"index, follow, max-snippet:-1, max-image-preview:large, max-video-preview:-1\" \/>\n<link rel=\"canonical\" href=\"https:\/\/locations-vacances-reunion.com\/index.php\/faire-connaissance\/\" \/>\n<meta property=\"og:locale\" content=\"fr_FR\" \/>\n<meta property=\"og:type\" content=\"article\" \/>\n<meta property=\"og:title\" content=\"Faire connaissance - Kaz Crisca - Chambre d&#039;h\u00f4tes -\" \/>\n<meta property=\"og:url\" content=\"https:\/\/locations-vacances-reunion.com\/index.php\/faire-connaissance\/\" \/>\n<meta property=\"og:site_name\" content=\"Kaz Crisca - Chambre d&#039;h\u00f4tes -\" \/>\n<meta property=\"article:publisher\" content=\"https:\/\/www.facebook.com\/Kazcrisca\/\" \/>\n<meta property=\"article:modified_time\" content=\"2025-02-19T07:02:00+00:00\" \/>\n<meta name=\"twitter:card\" content=\"summary_large_image\" \/>\n<meta name=\"twitter:label1\" content=\"Dur\u00e9e de lecture estim\u00e9e\" \/>\n\t<meta name=\"twitter:data1\" content=\"1 minute\" \/>\n<script type=\"application\/ld+json\" class=\"yoast-schema-graph\">{\"@context\":\"https:\/\/schema.org\",\"@graph\":[{\"@type\":\"WebPage\",\"@id\":\"https:\/\/locations-vacances-reunion.com\/index.php\/faire-connaissance\/\",\"url\":\"https:\/\/locations-vacances-reunion.com\/index.php\/faire-connaissance\/\",\"name\":\"Faire connaissance - Kaz Crisca - Chambre d&#039;h\u00f4tes -\",\"isPartOf\":{\"@id\":\"https:\/\/locations-vacances-reunion.com\/#website\"},\"datePublished\":\"2021-10-06T17:25:18+00:00\",\"dateModified\":\"2025-02-19T07:02:00+00:00\",\"description\":\"Faire connaissance avec Christine et Christian La Kaz Crisca est une Chambre d'h\u00f4tes \u00e0 Saint Leu, Ile de la R\u00e9nion\",\"breadcrumb\":{\"@id\":\"https:\/\/locations-vacances-reunion.com\/index.php\/faire-connaissance\/#breadcrumb\"},\"inLanguage\":\"fr-FR\",\"potentialAction\":[{\"@type\":\"ReadAction\",\"target\":[\"https:\/\/locations-vacances-reunion.com\/index.php\/faire-connaissance\/\"]}]},{\"@type\":\"BreadcrumbList\",\"@id\":\"https:\/\/locations-vacances-reunion.com\/index.php\/faire-connaissance\/#breadcrumb\",\"itemListElement\":[{\"@type\":\"ListItem\",\"position\":1,\"name\":\"Accueil\",\"item\":\"https:\/\/locations-vacances-reunion.com\/\"},{\"@type\":\"ListItem\",\"position\":2,\"name\":\"Faire connaissance\"}]},{\"@type\":\"WebSite\",\"@id\":\"https:\/\/locations-vacances-reunion.com\/#website\",\"url\":\"https:\/\/locations-vacances-reunion.com\/\",\"name\":\"Kaz Crisca - Chambre d&#039;h\u00f4tes -\",\"description\":\"\",\"publisher\":{\"@id\":\"https:\/\/locations-vacances-reunion.com\/#organization\"},\"potentialAction\":[{\"@type\":\"SearchAction\",\"target\":{\"@type\":\"EntryPoint\",\"urlTemplate\":\"https:\/\/locations-vacances-reunion.com\/?s={search_term_string}\"},\"query-input\":\"required name=search_term_string\"}],\"inLanguage\":\"fr-FR\"},{\"@type\":\"Organization\",\"@id\":\"https:\/\/locations-vacances-reunion.com\/#organization\",\"name\":\"Kaz Crisca - Chambre d&#039;h\u00f4tes -\",\"url\":\"https:\/\/locations-vacances-reunion.com\/\",\"logo\":{\"@type\":\"ImageObject\",\"inLanguage\":\"fr-FR\",\"@id\":\"https:\/\/locations-vacances-reunion.com\/#\/schema\/logo\/image\/\",\"url\":\"https:\/\/locations-vacances-reunion.com\/wp-content\/uploads\/2021\/10\/logo-bleu-bleu-FIN-2.png\",\"contentUrl\":\"https:\/\/locations-vacances-reunion.com\/wp-content\/uploads\/2021\/10\/logo-bleu-bleu-FIN-2.png\",\"width\":500,\"height\":500,\"caption\":\"Kaz Crisca - Chambre d&#039;h\u00f4tes -\"},\"image\":{\"@id\":\"https:\/\/locations-vacances-reunion.com\/#\/schema\/logo\/image\/\"},\"sameAs\":[\"https:\/\/www.facebook.com\/Kazcrisca\/\"]}]}<\/script>\n<!-- \/ Yoast SEO plugin. -->","yoast_head_json":{"title":"Faire connaissance - Kaz Crisca - Chambre d&#039;h\u00f4tes -","description":"Faire connaissance avec Christine et Christian La Kaz Crisca est une Chambre d'h\u00f4tes \u00e0 Saint Leu, Ile de la R\u00e9nion","robots":{"index":"index","follow":"follow","max-snippet":"max-snippet:-1","max-image-preview":"max-image-preview:large","max-video-preview":"max-video-preview:-1"},"canonical":"https:\/\/locations-vacances-reunion.com\/index.php\/faire-connaissance\/","og_locale":"fr_FR","og_type":"article","og_title":"Faire connaissance - Kaz Crisca - Chambre d&#039;h\u00f4tes -","og_url":"https:\/\/locations-vacances-reunion.com\/index.php\/faire-connaissance\/","og_site_name":"Kaz Crisca - Chambre d&#039;h\u00f4tes -","article_publisher":"https:\/\/www.facebook.com\/Kazcrisca\/","article_modified_time":"2025-02-19T07:02:00+00:00","twitter_card":"summary_large_image","twitter_misc":{"Dur\u00e9e de lecture estim\u00e9e":"1 minute"},"schema":{"@context":"https:\/\/schema.org","@graph":[{"@type":"WebPage","@id":"https:\/\/locations-vacances-reunion.com\/index.php\/faire-connaissance\/","url":"https:\/\/locations-vacances-reunion.com\/index.php\/faire-connaissance\/","name":"Faire connaissance - Kaz Crisca - Chambre d&#039;h\u00f4tes -","isPartOf":{"@id":"https:\/\/locations-vacances-reunion.com\/#website"},"datePublished":"2021-10-06T17:25:18+00:00","dateModified":"2025-02-19T07:02:00+00:00","description":"Faire connaissance avec Christine et Christian La Kaz Crisca est une Chambre d'h\u00f4tes \u00e0 Saint Leu, Ile de la R\u00e9nion","breadcrumb":{"@id":"https:\/\/locations-vacances-reunion.com\/index.php\/faire-connaissance\/#breadcrumb"},"inLanguage":"fr-FR","potentialAction":[{"@type":"ReadAction","target":["https:\/\/locations-vacances-reunion.com\/index.php\/faire-connaissance\/"]}]},{"@type":"BreadcrumbList","@id":"https:\/\/locations-vacances-reunion.com\/index.php\/faire-connaissance\/#breadcrumb","itemListElement":[{"@type":"ListItem","position":1,"name":"Accueil","item":"https:\/\/locations-vacances-reunion.com\/"},{"@type":"ListItem","position":2,"name":"Faire connaissance"}]},{"@type":"WebSite","@id":"https:\/\/locations-vacances-reunion.com\/#website","url":"https:\/\/locations-vacances-reunion.com\/","name":"Kaz Crisca - Chambre d&#039;h\u00f4tes -","description":"","publisher":{"@id":"https:\/\/locations-vacances-reunion.com\/#organization"},"potentialAction":[{"@type":"SearchAction","target":{"@type":"EntryPoint","urlTemplate":"https:\/\/locations-vacances-reunion.com\/?s={search_term_string}"},"query-input":"required name=search_term_string"}],"inLanguage":"fr-FR"},{"@type":"Organization","@id":"https:\/\/locations-vacances-reunion.com\/#organization","name":"Kaz Crisca - Chambre d&#039;h\u00f4tes -","url":"https:\/\/locations-vacances-reunion.com\/","logo":{"@type":"ImageObject","inLanguage":"fr-FR","@id":"https:\/\/locations-vacances-reunion.com\/#\/schema\/logo\/image\/","url":"https:\/\/locations-vacances-reunion.com\/wp-content\/uploads\/2021\/10\/logo-bleu-bleu-FIN-2.png","contentUrl":"https:\/\/locations-vacances-reunion.com\/wp-content\/uploads\/2021\/10\/logo-bleu-bleu-FIN-2.png","width":500,"height":500,"caption":"Kaz Crisca - Chambre d&#039;h\u00f4tes -"},"image":{"@id":"https:\/\/locations-vacances-reunion.com\/#\/schema\/logo\/image\/"},"sameAs":["https:\/\/www.facebook.com\/Kazcrisca\/"]}]}},"_links":{"self":[{"href":"https:\/\/locations-vacances-reunion.com\/index.php\/wp-json\/wp\/v2\/pages\/24"}],"collection":[{"href":"https:\/\/locations-vacances-reunion.com\/index.php\/wp-json\/wp\/v2\/pages"}],"about":[{"href":"https:\/\/locations-vacances-reunion.com\/index.php\/wp-json\/wp\/v2\/types\/page"}],"author":[{"embeddable":true,"href":"https:\/\/locations-vacances-reunion.com\/index.php\/wp-json\/wp\/v2\/users\/1"}],"replies":[{"embeddable":true,"href":"https:\/\/locations-vacances-reunion.com\/index.php\/wp-json\/wp\/v2\/comments?post=24"}],"version-history":[{"count":18,"href":"https:\/\/locations-vacances-reunion.com\/index.php\/wp-json\/wp\/v2\/pages\/24\/revisions"}],"predecessor-version":[{"id":533,"href":"https:\/\/locations-vacances-reunion.com\/index.php\/wp-json\/wp\/v2\/pages\/24\/revisions\/533"}],"wp:attachment":[{"href":"https:\/\/locations-vacances-reunion.com\/index.php\/wp-json\/wp\/v2\/media?parent=24"}],"curies":[{"name":"wp","href":"https:\/\/api.w.org\/{rel}","templated":true}]}}